
What is -8 + 0 + 9 + -7 - (-23 + -4)?
21
What is the value of 6 + 4 - (10 - (8 - -2))?
10
1 + -45 + -96 + 127
-13
-7 + 0 + 3 + -6
-10
What is (-625 - -644) + (-11 - -1 - 0)?
9
Calculate 9 + -13 - (-34 + 34).
-4
Evaluate (2 - 11) + (-38 - -1) + 37.
-9
What is the value of 7 + (17 + -13 - (-3 + -1) - 30)?
-15
Evaluate -3 + (7 - (-16 - -6)).
14
-213 + 223 + (-28 - -2)
-16
Evaluate (5 - 4 - -1 - 17) + -4 + 8.
-11
What is (-5 + 3 - 4) + 5 + -1?
-2
What is (5 - (1 - 5)) + -90 + 105?
24
What is (16 - (-16 + 34)) + (-2 - -13)?
9
-1 + 3 + (-717 - -724)
9
Evaluate 7 + 1 + (-23 + -5 - -8 - 6).
-18
(16 - -2) + (-50 + 62 - 39)
-9
Evaluate (-7 - -19) + -2 + (4 - 3).
11
-19 + 37 + (0 - -1 - 2)
17
28 - (22 - (-1 + (-3 - -12)))
14
Calculate -2 - (16 + (-8 - -20)).
-30
What is the value of 6 + (96 - 101) + (2 - (1 - 1))?
3
What is (-3 - 1) + 15 + (-20 - -8)?
-1
Evaluate 4 + -15 + 9 + -5 + 21.
14
Calculate -38 + 33 - (-5 - 0).
0
25 + (-27 - -34) + -20
12
Evaluate -271 - -278 - (26 - -1).
-20
What is the value of -20 + 6 + -1 + 11 + -5?
-9
What is -34 - -64 - 47 - 10?
-27
What is the value of -7 + 37 + -22 - -1?
9
Calculate -1 - -8 - ((7 - 1) + -5) - 2.
4
What is -14 + (-26 - -1 - (-240 - -227))?
-26
Calculate 5 - (0 - (1 + -8) - 12).
10
Calculate 176 + -175 + (-1 - -10).
10
What is the value of (8 - -17 - 11) + (3 - 2) + -4?
11
Evaluate (-138 - -119) + -6 + 1.
-24
(-5 - 33 - 0) + 11
-27
Calculate -2 + (13 - (-5 - 18)) + -14.
20
Calculate 13 - (-13 - -6 - -11).
9
Evaluate 16 + (-24 - -19) - (-3 + 2 + 1).
11
What is the value of 29 - (-19 + 59 + -27)?
16
What is (2 - (-1 - -8)) + (17 - (2 + -6))?
16
What is the value of -5 + -4 + 13 + 10?
14
Evaluate -17 - (15 - (22 + 7)).
-3
Evaluate (-35 - -64 - 27) + 1 + (11 - 0).
14
What is the value of 45 - (92 + -41) - (-1 + 13)?
-18
What is -5 + -7 + (-4 - -9) + -5?
-12
What is 3 + -3 + -6 - (-36 - -12)?
18
What is the value of (9 - (22 + 2)) + (-2 - -5)?
-12
What is the value of (10 - (-9 - -4)) + 4 + -4?
15
Calculate (-48 - -11) + 22 + -3.
-18
-8 - -1 - (40 + (-33 - 9))
-5
Evaluate 7 - -1 - (19 + -5 + 0 - 22).
16
Evaluate (1 - (-4 + 13)) + (2 - 7).
-13
What is -1 + (-58 - -65 - ((2 - 1) + -3))?
8
What is -8 + -9 - (3 + (-15 - -2 - -4))?
-11
15 - (38 + (8 - 10))
-21
What is the value of -1 + 8 - (9 - 7 - (10 + -12))?
3
6 - 1 - (-6 - -3 - (-11 - -18))
15
What is (4 - 7) + 12 + (8 - 4) + -1?
12
(-47 - -45) + -1 + 0
-3
5 - (30 - 24 - (-1 + -3))
-5
Calculate 28 + -3 + (-4 + 1 + 1 - -6).
29
What is the value of -70 + 72 + -1 + -7?
-6
Evaluate -189 - -203 - (20 + 1).
-7
-1 - (1 + 6 + (9 + -26 - -5))
4
12 - (11 + (-2 - -10) + -12)
5
-21 + (-6 - (-5 + -5)) + 1 + 1
-15
3 + 2 + (-20 - -16 - (-7 + 0))
8
Evaluate 0 + (10 - 7) + -7 + 2 - -3.
1
Evaluate -3 - (-12 - (-4 + (3 - 0))) - 22.
-14
(-88 - -88 - (-3 + -1)) + 1
5
Calculate -1 - 0 - (17 - 13 - 9 - 1).
5
-67 + 10 + 14 + 37
-6
Evaluate 77 + -81 - ((-2 - -42) + (3 - 8)).
-39
4 + -7 + 0 + 1 + 94 + -66
26
Evaluate -2 - (-2 - (-2 - -3) - (-36 - -31)).
-4
Calculate -2 + 15 - (-137 + 158).
-8
What is the value of 60 + -42 - (8 - (3 + -2 + 2))?
13
Evaluate (-5 - (9 + -11)) + 10 + 12.
19
What is 15 + 17 + -18 - 15?
-1
Calculate (2 - -4) + (2 + 13 - 14) + -16.
-9
What is 1 - 4 - 6 - (73 - 101)?
19
25 - 0 - (11 + 11 - 23)
26
Calculate -32 + (-36 - (-119 - -39)).
12
2 + -2 - 16 - ((12 - 25) + 11)
-14
Calculate -22 + 0 - (178 + -222).
22
(-83 + 22 - -43) + -3 + 2
-19
What is the value of -45 - -35 - (-8 + 8)?
-10
-41 + 22 + -8 + 7
-20
What is the value of (-2 + 1 - 4) + (50 - 46) + -10?
-11
What is (-16 - -10 - (-4 + -3)) + -3?
-2
What is 11 + -23 + 5 + 9 - (-1 + -2)?
5
Calculate 6 + (1 - 2) + -15 + 2 + -2.
-10
Evaluate -102 + 111 - (-1 + 25).
-15
What is the value of 31 + -31 + (2 + -1 - 3)?
-2
What is -5 + 1 + -1 - -17?
12
-16 + 12 + 12 - 9
-1
(-1 - -13 - (-1 + 5)) + (4 - -1)
13
Evaluate (-9 - (13 + -18 + 6)) + -12.
-22
0 + 21 + 2 + -11
12
Evaluate -10 + 2 + (-63 - -34).
-37
Calculate -34 + -1 + 62 - 30.
-3
Evaluate (1 - -1) + 27 + -34 + 17.
12
What is the value of 7 - (19 + -27 - -17)?
-2
Evaluate -15 - (-18 + 16 - 2).
-11
Calculate 8 - (-6 + (4 - (7 + -12 + -1))).
4
What is the value of 27 - (-13 + (7 - -23))?
10
-29 + (-3 - (5 - 26))
-11
Evaluate 10 - (1 - (3 + -8)).
4
What is -22 + (9 - (6 + 5))?
-24
Calculate 6 - ((-13 - -15) + -1 + 6 + -10).
9
What is the value of 17 - ((4 - 7) + -2)?
22
What is -38 - ((15 - 22) + -7) - 13?
-37
What is 24 - (-37 + 23 + 19)?
19
(1 - -28) + 1563 + -1581
11
Calculate 0 - (5 + -3) - (-3 + (-9 - -8)).
2
Evaluate (0 - -6 - (51 - 43)) + 4 + -8.
-6
What is -1 + (-4 - (-9 - -15)) + -5?
-16
Calculate (13 + -17 - 0) + 11.
7
Evaluate -3 + -5 + -10 + 7 + 1.
-10
What is the value of -1 + 9 + -10 - (-25 + 4)?
19
14 - (7 + 3) - -2 - 7
-1
What is the value of 9 + (-3 - -4 - 20) - 0?
-10
What is (16 + -17 - 17) + 20?
2
What is the value of 7 + -8 + -32 - (47 + -61)?
-19
What is the value of (-8 + (14 - 1) - 1) + 8?
12
What is the value of 36 - 6 - (59 - 38)?
9
-30 + (-29 - -20) + 27
-12
Calculate 22 + (18 - 7 - 18).
15
Calculate 10 + -1 + -2 - (21 - (21 - -14)).
21
Calculate 10 - ((-36 - -35) + 19 + 1).
-9
What is (-3 - -2) + -28 + (-295 - -299)?
-25
Calculate 2 + -15 - (-186 + 169).
4
What is the value of 1 - (2 + 0 - (15 - 4)) - 4?
6
What is -30 + -2 + (208 - 188)?
-12
(-15 - -13 - -10) + -16
-8
What is the value of 14 + (-51 - -17) - -9?
-11
Evaluate (-5 - -8) + (-5 - -6) - 27.
-23
Calculate (-8 - -43) + (-26 + 42 - 20).
31
7 - (-20 - (3 + -16))
14
What is the value of 1 + -20 + (-114 - -129)?
-4
What is the value of -1 + -12 + (-28 + (-8 - -19) - -9)?
-21
What is 6 - 24 - (11 - (10 + 9))?
-10
What is (5 - (-14 - (1 + -8))) + -9?
3
Evaluate -1 + (-6 - (7 - -4 - 0)).
-18
What is (-2 - 2) + (-9 - -24)?
11
-12 - -1 - (5 - (-6 - -12))
-10
Calculate 63 + -73 + (12 - -26).
28
What is 9 - ((14 - (0 - (-12 + 5))) + -3)?
5
What is the value of 526 + -547 + 6 + 0?
-15
11 + (11 - 29) + 0 - -7
0
2 + 8 + (8 - 9) + -2
7
Calculate -5 - (21 - (-3 + 24)).
-5
Evaluate 101 + -104 - (-3 - (4 - (2 - 0))).
2
What is the value of -1 - ((2 - (-1 - (-9 - -9))) + 9)?
-13
Evaluate 10 - (-14 + -1 + 15).
10
6 - (-4 - (-2 - -5))
13
-3 - (6 - 17 - -11 - (-2 - 0))
-5
Evaluate (50 - (45 - 21)) + -54.
-28
13 - 17 - -2 - -14
12
-1 - -15 - ((7 - 18) + 18)
7
What is 9 + 6 + -2 + 13 - (10 - 2)?
18
What is 0 + 4 + (-11 - -13) + (5 - 7)?
4
Calculate 6 + (-19 - -3 - (3 - 9)).
-4
Calculate 1 + -2 + (-3 + -2 - (17 - 29)).
6
What is 7 - (-2 + 8) - 3 - 1?
-3
What is 7 + (3 - 20) + (-1 - -2 - -3)?
-6
(2 - -12) + (-144 - -148)
18
What is the value of (-25 - -2 - -21) + -11 + 29?
16
Evaluate 33 + (38 - (68 - 5)).
8
Evaluate -12 + (-2 + 10 - 11 - 14).
-29
What is the value of -2 - (-2 + 0) - (-170 - -172)?
-2
Calculate -361 + 359 - (21 - (-3 - -6)).
-20
What is (-3 - -7 - 30) + 14 - 19?
-31
What is the value of (5 + 0 + -9 - -15) + -12?
-1
What is (7 + 1 - (12 + -5)) + 3 - 2?
2
Calculate -1 + 19 + 8 + -23 + (-2 - -4).
5
What is -6 + 13 + (-9 - (-7 + 4))?
1
(-2 - -5 - (-6 + (-6 - -15))) + 9
9
What is the value of -23 - (0 + (3 - (-11 + 11)))?
-26
Calculate -18 - (1 - 5 - 0 - (-164 - -170)).
-8
What is -5 + -8 + 19 - (2 + (4 - 0))?
0
(-10 - -2 - (-18 - -16)) + (0 - -1)
-5
What is 8 + (18 - (2 - -2))?
22
Calculate -6 - ((-3 + 3 - 2) + -11).
7
-12 - 0 - (18 + -15) - -4
-11
Calculate 17 + -7 + 14 + -10 + 1.
15
Evaluate -9 - (16 + -23 - -6).
-8
Evaluate -2 - (-3 - (-17 + 14)).
-2
What is the value of -6 + 7 + -92 + 117?
26
Evaluate (-1 + -1 - (0 + 4)) + (-39 - -17).
-28
What is the value of 39 + -1 + -35 + -2 + -6?
-5
Calculate -8 - (12 + -11 + 18 + (-15 - -12)).
-24
What is (-2 - 2) + 1 + 0 + -3 + 7?
1
Evaluate (10 - 22 - 3) + 28.
13
Evaluate (-31 - -11) + 12 + 1 + -4 - -9.
-2
What is 7 - (33 - 0 - (77 - 64))?
-13
Calculate (-9 - 18) + (1 - -17).
-9
Evaluate (1 - 7) + -7 + 27 + 10.
24
44 + (-16 - -23) + -14 - -1
38
What is (-6 - -18) + -39 + 16?
-11
6 + -3 - (21 + -20 - 16)
18
What is (-3 - (-17 + 22 - -4)) + 3?
-9
What is the value of 3 + (7 - (-1 + 5) - -2)?
8
1 - (4 + -24 + 9) - 15
-3
Calculate (7 - 6) + -7 + 13 + -3.
4
0 - 5 - (1 + -26 + 5 + 6)
9
What is -100 + 74 + (-2 - -16) - -46?
34
What is the value of 9 + 16 + (-4 - 5)?
16
What is (10 - -1) + 135 + -125 - 6?
15
-6 - (-28 + (-5 - (3 - 1 - 14)))
15
11 + 8 +